5.
5, 149, 4337
List the prime factors of 19906327.
7, 1327, 2143
List the prime factors of 1659153.
3, 553051
What are the prime factors of 2154227?
2154227
What are the prime factors of 1280792?
2, 37, 4327
List the prime factors of 234.
2, 3, 13
What are the prime factors of 436244?
2, 191, 571
List the prime factors of 1352425.
5, 47, 1151
What are the prime factors of 79526?
2, 17, 2339
What are the prime factors of 5090224?
2, 83, 3833
List the prime factors of 747579.
3, 7, 97, 367
What are the prime factors of 178810?
2, 5, 17881
List the prime factors of 12899287.
29, 444803
List the prime factors of 25812.
2, 3, 239
What are the prime factors of 3727277?
67, 55631
List the prime factors of 1302298.
2, 19, 43, 797
What are the prime factors of 92794?
2, 13, 43, 83
What are the prime factors of 552027?
3, 7, 97, 271
What are the prime factors of 630519?
3, 210173
List the prime factors of 782074.
2, 163, 2399
List the prime factors of 2427513.
3, 11, 73561
What are the prime factors of 156145?
5, 11, 17, 167
List the prime factors of 957224.
2, 119653
List the prime factors of 4756298.
2, 97, 24517
List the prime factors of 1723973.
1723973
List the prime factors of 21555750.
2, 3, 5, 41, 701
What are the prime factors of 4627403?
11, 167, 229
What are the prime factors of 4199363?
7, 23, 26083
What are the prime factors of 246105?
3, 5, 1823
What are the prime factors of 16547938?
2, 11, 223, 3373
What are the prime factors of 7206537?
3, 13, 257, 719
List the prime factors of 889300.
2, 5, 8893
What are the prime factors of 1091017?
1091017
What are the prime factors of 7055835?
3, 5, 470389
What are the prime factors of 158503?
31, 5113
What are the prime factors of 2372247?
3, 29287
List the prime factors of 2463.
3, 821
What are the prime factors of 144045?
3, 5, 11, 97
What are the prime factors of 60099?
3, 13, 23, 67
What are the prime factors of 147485?
5, 13, 2269
What are the prime factors of 1104694?
2, 17, 32491
What are the prime factors of 74482?
2, 167, 223
List the prime factors of 3830177.
13, 294629
List the prime factors of 3058299.
3, 339811
List the prime factors of 23697797.
23, 37, 27847
What are the prime factors of 39051?
3, 4339
What are the prime factors of 59783?
191, 313
What are the prime factors of 765224?
2, 41, 2333
What are the prime factors of 114652?
2, 28663
List the prime factors of 196969.
61, 3229
What are the prime factors of 6865710?
2, 3, 5, 131, 1747
List the prime factors of 8323325.
5, 332933
What are the prime factors of 94755?
3, 5, 6317
What are the prime factors of 7325391?
3, 1409, 1733
List the prime factors of 13192937.
13192937
List the prime factors of 906429.
3, 302143
What are the prime factors of 2127025?
5, 85081
What are the prime factors of 117998?
2, 41, 1439
List the prime factors of 8046200.
2, 5, 40231
List the prime factors of 1025870.
2, 5, 102587
What are the prime factors of 142653?
3, 7, 6793
What are the prime factors of 34598085?
3, 5, 677, 3407
What are the prime factors of 1539694?
2, 13, 59219
List the prime factors of 173408.
2, 5419
What are the prime factors of 1065713?
11, 17, 41, 139
What are the prime factors of 58406?
2, 19, 29, 53
What are the prime factors of 2902289?
13, 223253
List the prime factors of 1765266.
2, 3, 294211
What are the prime factors of 34610?
2, 5, 3461
List the prime factors of 335907.
3, 11, 13, 29
What are the prime factors of 169964?
2, 42491
List the prime factors of 914124.
2, 3, 17, 4481
List the prime factors of 32411546.
2, 151, 107323
What are the prime factors of 17090274?
2, 3, 53, 223, 241
What are the prime factors of 3967218?
2, 3, 907
List the prime factors of 427986.
2, 3, 13, 31, 59
What are the prime factors of 741778?
2, 17, 21817
What are the prime factors of 811519?
811519
List the prime factors of 6200938.
2, 23, 5861
List the prime factors of 6756808.
2, 844601
What are the prime factors of 1078049?
7, 449
List the prime factors of 77447.
77447
List the prime factors of 165747.
3, 55249
List the prime factors of 14438526.
2, 3, 23, 4549
List the prime factors of 2844784.
2, 29, 6131
What are the prime factors of 128350?
2, 5, 17, 151
What are the prime factors of 21974024?
2, 2746753
List the prime factors of 624382.
2, 11, 101, 281
List the prime factors of 19257170.
2, 5, 1925717
What are the prime factors of 11325048?
2, 3, 7, 67411
What are the prime factors of 97280?
2, 5, 19
What are the prime factors of 2982561?
3, 73, 13619
What are the prime factors of 629753?
47, 13399
List the prime factors of 5741982.
2, 3, 113, 941
List the prime factors of 43348.
2, 10837
What are the prime factors of 692196?
2, 3, 37, 1559
List the prime factors of 3454797.
3, 1151599
What are the prime factors of 187574?
2, 93787
List the prime factors of 4581283.
7, 61, 10729
What are the prime factors of 600910?
2, 5, 60091
What are the prime factors of 60727?
60727
What are the prime factors of 169907?
131, 1297
What are the prime factors of 243488?
2, 7, 1087
List the prime factors of 6431093.
6431093
What are the prime factors of 1618463?
7, 11, 21019
List the prime factors of 166331.
11, 15121
What are the prime factors of 11808178?
2, 5904089
List the prime factors of 446667.
3, 13, 881
What are the prime factors of 981547?
7, 140221
List the prime factors of 543701.
41, 89, 149
What are the prime factors of 39373046?
2, 19686523
What are the prime factors of 91907?
73, 1259
What are the prime factors of 167225?
5, 6689
List the prime factors of 3977694.
2, 3, 7, 17, 619
List the prime factors of 114338.
2, 7, 8167
List the prime factors of 1490105.
5, 298021
What are the prime factors of 250630?
2, 5, 71, 353
List the prime factors of 842162.
2, 421081
What are the prime factors of 1038805?
5, 373, 557
List the prime factors of 16788.
2, 3, 1399
What are the prime factors of 131817?
3, 7, 6277
List the prime factors of 1390042.
2, 695021
What are the prime factors of 331025?
5, 13241
List the prime factors of 745296.
2, 3, 15527
What are the prime factors of 2824337?
2824337
List the prime factors of 335181.
3, 7, 11, 1451
What are the prime factors of 176217?
3, 151, 389
List the prime factors of 256104.
2, 3, 3557
List the prime factors of 8599307.
31, 71, 3907
List the prime factors of 325413.
3, 11, 19, 173
What are the prime factors of 8501899?
7, 107, 11351
What are the prime factors of 1387937?
167, 8311
List the prime factors of 121916.
2, 29, 1051
What are the prime factors of 2822764?
2, 7, 73, 1381
What are the prime factors of 12115377?
3, 41, 32833
List the prime factors of 4293895.
5, 499, 1721
What are the prime factors of 16658?
2, 8329
What are the prime factors of 3729407?
11, 197, 1721
List the prime factors of 395549.
7, 11, 467
List the prime factors of 3424694.
2, 7, 13, 31, 607
What are the prime factors of 1405293?
3, 353, 1327
What are the prime factors of 116494?
2, 7, 53, 157
What are the prime factors of 14457?
3, 61, 79
List the prime factors of 909297.
3, 71, 1423
What are the prime factors of 206879?
206879
What are the prime factors of 8912383?
8912383
List the prime factors of 776519.
31, 37, 677
What are the prime factors of 929017?
571, 1627
List the prime factors of 20279124.
2, 3, 317, 1777
What are the prime factors of 25013044?
2, 7, 19, 47017
List the prime factors of 5484703.
7, 783529
What are the prime factors of 7399473?
3, 2466491
What are the prime factors of 1668847?
1668847
What are the prime factors of 30859?
30859
What are the prime factors of 416965?
5, 89, 937
List the prime factors of 9273.
3, 11, 281
What are the prime factors of 7684684?
2, 7, 274453
What are the prime factors of 4572288?
2, 3, 7
List the prime factors of 241131.
3, 11, 7307
List the prime factors of 362106.
2, 3, 20117
List the prime factors of 496203.
3, 193, 857
What are the prime factors of 2988300?
2, 3, 5, 7, 1423
What are the prime factors of 19095152?
2, 19, 23, 2731
What are the prime factors of 6753865?
5, 1350773
What are the prime factors of 1139393?
1139393
What are the prime factors of 1692123?
3, 564041
What are the prime factors of 2650755?
3, 5, 61, 2897
List the prime factors of 8590539.
3, 67, 79, 541
List the prime factors of 307669.
307669
List the prime factors of 193138.